*b**2 + 4*b + 175. Let x(y) = 8*h(y) + 5*z(y). Determine x(-25).
47
Suppose 8*k + 2*g = 4*k + 3026, -3778 = -5*k - g. Let r = 761 - k. Let y(o) = o**3 - 6*o**2 - 7*o + 7. Give y(r).
-35
Let q(l) = 1468*l**2 - 732*l**2 + 7 + 10*l - 735*l**2. Suppose -2*v = 7 + 9. What is q(v)?
-9
Let v(f) = -f**2 + 6*f + 5. Let z(h) be the third derivative of h**3/6 - 9*h**2 - 5. Let q(c) = -v(c) + 6*z(c). Suppose 4*k + 0*k - 20 = 0. Determine q(k).
-4
Let q(x) be the first derivative of x**3/3 + 5*x**2 - 2*x - 127. Give q(-3).
-23
Let f(d) = d**2 + d + 4. Let r(y) = 2*y**2 + y + 4. Let q(v) = -3*f(v) + 2*r(v). Let x be 1*3 - (68 - 61). What is q(x)?
16
Let d(o) = -4*o + 6. Let s(l) = l - 3. Let j(v) = -d(v) - 5*s(v). Calculate j(5).
4
Let v(k) = -82*k - 83. Let u = -1987 - -1986. What is v(u)?
-1
Suppose -36 - 40 = 4*q. Let p = 21 + q. Let n(h) = 574*h**2 - 3*h - 575*h**2 - 6 + p*h. Determine n(0).
-6
Let s(z) = z - 2. Let d be (-81)/(-108) - (-27)/(-4). Let t be d*6/(-8)*20/15. What is s(t)?
4
Let z(b) = 4*b**2 + 6*b. Let r = -37 - -40. Let w(p) be the second derivative of p**4/4 + 5*p**3/6 - p**2/2 + 4*p. Let a(t) = r*w(t) - 2*z(t). Determine a(-4).
1
Suppose 22*j = 16*j + 30. Let c(d) = j*d - 4*d + 4*d + 4 + 0*d. What is c(4)?
24
Let k(u) = 7*u + 7. Let l(i) be the first derivative of 3*i - 5 + 3/2*i**2. Let s(a) = 2*k(a) - 5*l(a). Determine s(-7).
6
Let r(z) = -2*z**2 + 70*z - 6. Suppose 976 = 61*c - 4*c - 1019. What is r(c)?
-6
Suppose -16*k + 14 = 283 - 109. Let u(c) = c**2 + 9*c - 13. What is u(k)?
-3
Let h be 30/2 - (-3)/1. Let n be (4 - h/5)*5. Let m(i) = 78 - 78 - n*i. Calculate m(-2).
4
Let z = -2402 - -2396. Let t(k) be the second derivative of -k**4/12 - 5*k**3/6 + 7*k. What is t(z)?
-6
Let b = 70 + -63. Suppose 2*l - 45 = b*l. Let y be 10/15 - (-2 - (-3)/l). Let p(h) = -2*h**2 + h + 3. Give p(y).
-12
Let b(z) = 14*z - 96. Suppose 0 = 6*o + 145 - 187. Let f be b(o). Let p(q) = -2*q**3 - q**2 + 1. Give p(f).
-19
Let k(s) = -17*s + 126*s**2 - 128*s**2 - 5 - 3*s + 33*s. Calculate k(6).
1
Let j(w) be the third derivative of 2*w**5/15 - 5*w**4/12 - 13*w**3/6 + 7*w**2 + 5*w - 30. What is j(-2)?
39
Let x(y) = y**2 + 5*y + 6. Suppose 3*f = 3*z + 6, 0 = -3*z - 12 + 6. Suppose -3*q = 0, f = -4*p + p - 5*q - 12. Calculate x(p).
2
Let f(k) = 2*k**2 - 6*k**2 + 19 + 4*k**3 - 15 - 5*k**3 + 0*k**2 - k. Calculate f(-3).
-2
Let f(v) = 6*v**3 + 5*v**2 + 5. Let o be f(-4). Let b = o + 297. Let x(h) = h**3 - 2*h**2 - 4*h - 2. What is x(b)?
-10
Let h(g) = 3*g + 5. Let k(q) = -9*q - 17. Let d(x) = -10*h(x) - 3*k(x). Calculate d(-5).
16
Suppose 0 = 128*v - 137*v + 9. Let q(g) = -6*g - 35. Let c(j) = j + 4. Let b(h) = v*q(h) + 3*c(h). Determine b(-6).
-5
Let x(h) be the first derivative of h**4/4 - 2*h**3 - 3*h**2 - 21*h - 4788. Give x(7).
-14
Let c(b) = 6*b + 3. Let y(l) be the third derivative of -l**4/12 - l**3/6 + 95*l**2. Let p(x) = 6*c(x) + 17*y(x). Give p(-5).
-9
Let i = -90 + 110. Suppose 0 = 4*t - 76 + i. Let q(j) = 3*j - 7*j + t*j + 0 - 2 - j**2. Determine q(9).
7
Suppose 5 = f + 3, -3*w + 10 = -4*f. Suppose -9*t - w = -11*t. Suppose -6 = -t*i, b + 6 = 3*i - 7. Let s(y) = y**2 + 6*y + 3. What is s(b)?
10
Let q(v) = -2*v - 12. Suppose 10 = -5*r, y + 3 = -2*r + 6*r. Let o be q(y). Suppose 7*w - 2*w = -o. Let d(s) = s**3 - 2*s - 2. What is d(w)?
-6
Let o(p) = -5*p**2 - 5*p - 3. Suppose -z - 5*n = -0*z + 13, 7 = -z - 2*n. Let r be o(z). Let i = 38 + r. Let y(g) = -g + 7. Determine y(i).
2
Let c(j) be the third derivative of 3*j**6/40 - j**5/12 - j**4/12 + j**3/6 + 2*j**2 + 47*j. Give c(-1).
-11
Let i(y) = -33*y**2 + 3*y + 2. Suppose 101 = -4*n + 5*x + 67, 3*n + 5*x = 27. Give i(n).
-34
Let w(g) = -22*g**3 - 585*g**2 + 240*g - 90. Let o be w(-27). Let n(p) = -6 - 4*p + 3*p**2 - 7*p - 4*p**2. Calculate n(o).
12
Suppose -1851*u + 1850*u = a - 17, 4*u + a - 50 = 0. Let i(q) = 2*q**2 - 25*q + 20. Determine i(u).
-13
Let q(r) = -52*r + 6. Suppose 44 + 19 = 21*s. Let b(h) = -8*h + 1. Let a(c) = s*q(c) - 21*b(c). Give a(-3).
-39
Let z(d) = -5*d - 20. Let o be z(-7). Let s(m) = m**3 - 13*m**2 - 30*m + 9. Let f be s(o). Let g(a) = 2*a - 6. What is g(f)?
12
Let t(r) = 173 + 22*r + 4*r + 2*r - 5*r - 365. What is t(8)?
-8
Suppose -4*a = -0*a. Let z(y) = -y**2 + 11*y - 16. Let t be z(2). Let k(g) = 18*g + 8*g - 2*g**t + 3*g**2 - 25*g - 3. What is k(a)?
-3
Let n(h) = h**3 - 3*h**2 - 5*h + 8. Let u be n(4). Let i(m) = -m + 5*m + 2 - u - m - 5. Give i(10).
23
Let p(r) = 80*r + 2325. Let t be p(-29). Let g(n) = -10*n - 16. Determine g(t).
-66
Let t(v) = 2*v**2 - 20*v - 3. Let q = 200 + -197. Suppose -3*l - q*y + 26 = -5*y, 5*y + 30 = 4*l. What is t(l)?
-3
Suppose -y + 2*y = 6. Let j(u) = 0*u + 7*u**2 - 6*u + 434*u**3 + 438*u**3 - 873*u**3 + 2 + 2. Calculate j(y).
4
Let p(s) = s**2 + 13*s + 44. Let g = 2396 - 2406. Determine p(g).
14
Suppose -11 = 2*n - 1. Let h(d) = -8600*d**3 - 2 + 4*d + 17202*d**3 - 8601*d**3 + 3*d**2 + 3*d**2. Give h(n).
3
Let k(v) be the third derivative of v**6/120 - v**5/20 - 5*v**3/6 - 11*v**2 - 53*v. Give k(2).
-9
Let w = 27180 - 27176. Let l(a) be the second derivative of 0 + a**2 + 4/3*a**3 + 1/12*a**w - 47*a. Give l(-8).
2
Let p(o) = -4*o**2 + o. Let g be 1*(3 + -2) + 2. Suppose -45*c + 50*c - 7 = l, 4*c + 3*l = 17. Suppose -3 = c*a - g*d + 14, 5*d = 25. Give p(a).
-5
Let p = 39767 - 39773. Let q(f) = 6*f + 3*f**2 + 3 - f**2 + 1. Give q(p).
40
Let i(r) = -r + 22. Let v be (3/27)/((-1)/(-96))*54/24. Determine i(v).
-2
Let o(m) = m**3 + 3*m**2 - m + 4. Suppose 4*x - 9*x + 130 = 0. Suppose 5*l - 46 = -3*f, -f = l + 2*l - x. Let d be (16/(-6))/(l/12). What is o(d)?
-8
Let f(b) = -9*b + 25. Let m(i) = -10*i**3 + 26*i**2 - 8*i - 2. Let z be m(2). Give f(z).
-29
Let p(h) = h**3 - 5*h**2 - 7*h + 3. Suppose g + 3*q + 1 = 15, -4*q = -20. Let a be (-12)/(-6)*((-28)/(-8) + g). What is p(a)?
-32
Let i(z) = 4*z - 6. Let m be i(4). Let h(g) = -79*g + 1269. Let k be h(16). Suppose k = -m*t + 11*t. Let p(n) = -n**3 + 5*n**2 - 2*n + 3. Calculate p(t).
-7
Let b be (-16)/(-40)*(-1)/((-1)/30). Let g be (-65)/(-20) + (-3)/b + 3. Let t(f) = f**3 - 5*f**2 - 5*f. What is t(g)?
6
Suppose 169*d - 193 = -228 + 711. Let c(h) = 2*h**3 - 7*h**2 - 6*h + 6. Give c(d).
-2
Let r(g) be the third derivative of -g**6/60 + 7*g**5/60 + 5*g**4/24 - 317*g**2 - g. Give r(4).
4
Let o = 105 + -112. Let a be (o + 0 + -3)/(6 + -4). Let s(k) = -k**3 - 5*k**2 - 3*k + 1. What is s(a)?
16
Suppose -4*k + 25 - 13 = 0. Let w = 16 - 13. Let r(f) = -12*f + 0*f + w + 9*f. What is r(k)?
-6
Suppose 15*t - 17 - 32 = -34*t. Let j(r) = -18*r**2 + r - 2. Give j(t).
-19
Let x(g) = -g**3 - 6*g**2 - 9*g - 13. Suppose 8*h - r = -62 + 20, -5*r + 10 = 0. What is x(h)?
7
Let w be 0/(((-57)/133)/(1/(-7))). Let n be (-2)/(-7) + 12/7. Suppose w = -n*h - 5*x - 33, -3*h = -0*h + 3*x + 27. Let v(k) = -k**2 - 3*k - 5. What is v(h)?
-9
Let a = -176 - -192. Let h(c) = -11 - 5 + a + 5*c. Let b(t) = t**2 + 6*t - 6. Let y be b(-7). Calculate h(y).
5
Let v(z) = -z**2 - 7*z + 3. Let m be v(-8). Let k(r) = -6*r - 5. Let l(b) = -7*b - 5. Let x = -6 + 12. Let f(c) = m*l(c) + x*k(c). Calculate f(-6).
1
Let d = 11610 - 11616. Let o(g) = 2*g + 27. Calculate o(d).
15
Let n(q) be the second derivative of 5*q**3/3 + 25*q**2/2 + 621*q. Determine n(-5).
-25
Let r(v) = -50*v - 21. Let a(t) = 19*t + 10. Let h(p) = -7*a(p) - 3*r(p). What is h(3)?
44
Let u(k) be the second derivative of k**4/6 + k**3/6 + k**2/2 - k. Suppose -17 = -6*d - 71. Let w = d + 7. Determine u(w).
7
Let q(d) be the second derivative of -d**4/12 - d**3/6 + 11*d**2 + d + 211. Let x be 10/(-15) + (-2)/(-3). Determine q(x).
22
Let x(a) = -a**2 + 9*a + 7. Let z be (0 - 8/(-72))*45. What is x(z)?
27
Let l = -62 + 88. Suppose -19*z + l*z - 7 = 0. Let b(r) = -r - 3*r - 1 + 3*r. Calculate b(z).
-2
Let v(u) be the second derivative of -u**3/6 + 31*u**2/2 + u. Let y be ((-38)/95 + (-4)/(-10))/(107/107). Calculate v(y).
31
Suppose 4253*l + 160 = 4293*l. Let r(m) be the third derivative of -m**5/60 + m**4/6 - m**3/6 - m**2. Calculate r(l).
-1
Let y = -250 + 260. Let p(q) = 3*q - 10 + 7*q + 0 - 8*q. Calculate p(y).
10
Let u(g) = 36*g**2 + 141*g - 7. Let v be u(-4). Let j(i) = -i - 38. Determine j(v).
-43
Let d be 28/42*372/(-8). Let c = d - -35. Let w(t) = -t**3 + 5*t**2 - 4*t - 7. Determ